{"id":50,"date":"2026-05-07T08:08:15","date_gmt":"2026-05-07T08:08:15","guid":{"rendered":"http:\/\/qpbbvxg.cluster121.hosting.ovh.net\/?page_id=50"},"modified":"2026-05-13T09:55:06","modified_gmt":"2026-05-13T09:55:06","slug":"le-plus-grand-nuancier-du-monde","status":"publish","type":"page","link":"https:\/\/grand-nuancier.org\/index.php\/le-plus-grand-nuancier-du-monde\/","title":{"rendered":"Le plus grand nuancier du monde"},"content":{"rendered":"\n<header class=\"wp-block-uagb-advanced-heading uagb-block-f5a7fad0\"><h2 class=\"uagb-heading-text\">Le plus grand nuancier du monde<\/h2><\/header>\n\n\n\n<div class=\"wp-block-uagb-container uagb-block-2807c559 alignfull uagb-is-root-container\"><div class=\"uagb-container-inner-blocks-wrap\">\n<p class=\"has-black-color has-text-color has-link-color wp-elements-82701d8f9a63c86ba6fc26d512aa071d\">Le\u00a0Grand Nuancier est un projet qui vise \u00e0 peindre et donner \u00e0 voir une s\u00e9rie illimit\u00e9e de\u00a0nuances de couleur, toutes r\u00e9alis\u00e9es sur des supports horizontaux d\u2019une m\u00eame proportion (largeur\/hauteur)\u00a0\u221a2, \u00e0 commencer par le fameux format A4 (21 x 29,7 cm). Cette s\u00e9rie fera l\u2019objet d\u2019un\u00a0<em>work-in-progress<\/em>, \u00e0 la fois personnel (initi\u00e9 par l\u2019artiste Kim R. Rebholz<sup>a<\/sup>) et collectif (ouvert \u00e0 tous<sup>b<\/sup>), poursuivi ind\u00e9finiment<sup>c<\/sup>, fouillant le spectre chromatique dans les grandes longueurs et les moindres recoins, avec l\u2019ambition de former progressivement, \u00ab\u00a0\u00e0 but d\u2019<em>\u00e9l\u00e9vation commune<\/em>\u00a0\u00bb, le plus vaste nuancier de couleurs peint du monde, permettant des d\u00e9ploiements (physiques et num\u00e9riques), bouquets &amp; harmonies, \u00e0 la combinatoire infinie (jouant \u00e0 l\u2019envi, qui de contrastes puissants, qui des subtilit\u00e9s des cama\u00efeux). Outre ses recherches de\u00a0<em>l\u2019art pour l\u2019art<\/em> (pour quelque plaisir esth\u00e9tique) et pour des int\u00e9r\u00eats scientifiques multiples, le Grand Nuancier sera comme un miroir, aux reflets abstraits, des richesses sans bornes de l\u2019humanit\u00e9, de la Terre, du cosmos, et tel un arc-en-ciel pour la paix, la protection de l\u2019environnement, le d\u00e9veloppement durable, la promotion des valeurs universelles et fraternelles des Nations Unies.<\/p>\n\n\n\n<p>Le Grand Nuancier contera, dans le silence lumineux de la peinture, au carrefour du sensible et du sens\u00e9, une certaine histoire naturelle sous forme de fable, une&nbsp;<em>fable des couleurs<\/em>&nbsp;qui, comme toutes les fables, comporte une morale&#8230;<\/p>\n\n\n\n<p><\/p>\n\n\n\n<div class=\"wp-block-uagb-container uagb-block-085a2050\">\n<p style=\"font-size:16px\"><sup>a<\/sup>\u00a0Lequel a d\u00e9but\u00e9 l\u2019aventure par un don de quelque 7 000 nuances \u00e0 l\u2019association \u00e9ponyme charg\u00e9e de produire, abriter et faire rayonner les \u0153uvres du Grand Nuancier.<\/p>\n<\/div>\n\n\n\n<div class=\"wp-block-uagb-container uagb-block-61f52b6c\">\n<p style=\"font-size:16px\"><sup>b<\/sup>\u00a0Le Grand Nuancier donnera lieu \u00e0 des ateliers \u00ab\u00a0pour petits et grands\u00a0\u00bb de tous horizons, avec notamment l\u2019id\u00e9e de pouvoir faire travailler b\u00e9n\u00e9fiquement ensemble des membres de diff\u00e9rentes parties en conflit.<\/p>\n<\/div>\n\n\n\n<div class=\"wp-block-uagb-container uagb-block-3837c069\">\n<p style=\"font-size:16px\"><sup>c<\/sup>\u00a0Le spectre chromatique \u00e9tant \u2013 image m\u00eame de la nature \u2013 un puits sans fond, le Grand Nuancier demeurera toujours,\u00a0<em>de facto<\/em>, une \u0153uvre ouverte.<\/p>\n<\/div>\n\n\n\n<a onclick=\"history.back()\" style=\"cursor:pointer; font-size:36px;\">\u2190<\/a>\n<\/div><\/div>\n\n\n\n<p><\/p>\n","protected":false},"excerpt":{"rendered":"<p>Le plus grand nuancier du monde Le\u00a0Grand Nuancier est un projet qui vise \u00e0 peindre et donner \u00e0 voir une [&hellip;]<\/p>\n","protected":false},"author":1,"featured_media":0,"parent":0,"menu_order":0,"comment_status":"closed","ping_status":"closed","template":"","meta":{"_uag_custom_page_level_css":"","site-sidebar-layout":"default","site-content-layout":"","ast-site-content-layout":"default","site-content-style":"default","site-sidebar-style":"default","ast-global-header-display":"","ast-banner-title-visibility":"","ast-main-header-display":"","ast-hfb-above-header-display":"","ast-hfb-below-header-display":"","ast-hfb-mobile-header-display":"","site-post-title":"disabled","ast-breadcrumbs-content":"","ast-featured-img":"","footer-sml-layout":"","ast-disable-related-posts":"","theme-transparent-header-meta":"","adv-header-id-meta":"","stick-header-meta":"","header-above-stick-meta":"","header-main-stick-meta":"","header-below-stick-meta":"","astra-migrate-meta-layouts":"default","ast-page-background-enabled":"default","ast-page-background-meta":{"desktop":{"background-color":"var(--ast-global-color-5)","background-image":"","background-repeat":"repeat","background-position":"center center","background-size":"auto","background-attachment":"scroll","background-type":"","background-media":"","overlay-type":"","overlay-color":"","overlay-opacity":"","overlay-gradient":""},"tablet":{"background-color":"","background-image":"","background-repeat":"repeat","background-position":"center center","background-size":"auto","background-attachment":"scroll","background-type":"","background-media":"","overlay-type":"","overlay-color":"","overlay-opacity":"","overlay-gradient":""},"mobile":{"background-color":"","background-image":"","background-repeat":"repeat","background-position":"center center","background-size":"auto","background-attachment":"scroll","background-type":"","background-media":"","overlay-type":"","overlay-color":"","overlay-opacity":"","overlay-gradient":""}},"ast-content-background-meta":{"desktop":{"background-color":"var(--ast-global-color-4)","background-image":"","background-repeat":"repeat","background-position":"center center","background-size":"auto","background-attachment":"scroll","background-type":"","background-media":"","overlay-type":"","overlay-color":"","overlay-opacity":"","overlay-gradient":""},"tablet":{"background-color":"var(--ast-global-color-4)","background-image":"","background-repeat":"repeat","background-position":"center center","background-size":"auto","background-attachment":"scroll","background-type":"","background-media":"","overlay-type":"","overlay-color":"","overlay-opacity":"","overlay-gradient":""},"mobile":{"background-color":"var(--ast-global-color-4)","background-image":"","background-repeat":"repeat","background-position":"center center","background-size":"auto","background-attachment":"scroll","background-type":"","background-media":"","overlay-type":"","overlay-color":"","overlay-opacity":"","overlay-gradient":""}},"footnotes":""},"class_list":["post-50","page","type-page","status-publish","hentry"],"uagb_featured_image_src":{"full":false,"thumbnail":false,"medium":false,"medium_large":false,"large":false,"1536x1536":false,"2048x2048":false},"uagb_author_info":{"display_name":"admin7977","author_link":"https:\/\/grand-nuancier.org\/index.php\/author\/admin7977\/"},"uagb_comment_info":0,"uagb_excerpt":"Le plus grand nuancier du monde Le\u00a0Grand Nuancier est un projet qui vise \u00e0 peindre et donner \u00e0 voir une [&hellip;]","_links":{"self":[{"href":"https:\/\/grand-nuancier.org\/index.php\/wp-json\/wp\/v2\/pages\/50","targetHints":{"allow":["GET"]}}],"collection":[{"href":"https:\/\/grand-nuancier.org\/index.php\/wp-json\/wp\/v2\/pages"}],"about":[{"href":"https:\/\/grand-nuancier.org\/index.php\/wp-json\/wp\/v2\/types\/page"}],"author":[{"embeddable":true,"href":"https:\/\/grand-nuancier.org\/index.php\/wp-json\/wp\/v2\/users\/1"}],"replies":[{"embeddable":true,"href":"https:\/\/grand-nuancier.org\/index.php\/wp-json\/wp\/v2\/comments?post=50"}],"version-history":[{"count":24,"href":"https:\/\/grand-nuancier.org\/index.php\/wp-json\/wp\/v2\/pages\/50\/revisions"}],"predecessor-version":[{"id":586,"href":"https:\/\/grand-nuancier.org\/index.php\/wp-json\/wp\/v2\/pages\/50\/revisions\/586"}],"wp:attachment":[{"href":"https:\/\/grand-nuancier.org\/index.php\/wp-json\/wp\/v2\/media?parent=50"}],"curies":[{"name":"wp","href":"https:\/\/api.w.org\/{rel}","templated":true}]}}