{"id":319,"date":"2026-05-11T13:28:39","date_gmt":"2026-05-11T13:28:39","guid":{"rendered":"http:\/\/qpbbvxg.cluster121.hosting.ovh.net\/?page_id=319"},"modified":"2026-05-13T10:35:46","modified_gmt":"2026-05-13T10:35:46","slug":"echantillon-des-oeuvres","status":"publish","type":"page","link":"https:\/\/grand-nuancier.org\/index.php\/echantillon-des-oeuvres\/","title":{"rendered":"\u00c9chantillon des \u0153uvres"},"content":{"rendered":"\n<header class=\"wp-block-uagb-advanced-heading uagb-block-f5a7fad0\"><h2 class=\"uagb-heading-text\">\u00c9chantillon des <a href=\"http:\/\/qpbbvxg.cluster121.hosting.ovh.net\/index.php\/echantillon-des-oeuvres\/\">\u0153uvres<\/a><\/h2><\/header>\n\n\n\n<div class=\"wp-block-uagb-container uagb-block-2807c559 alignfull uagb-is-root-container\"><div class=\"uagb-container-inner-blocks-wrap\">\n<p>\u00c9chantillon de 100 nuances parmi les 7 000 d\u00e9j\u00e0 r\u00e9alis\u00e9es<sup>*<\/sup>&nbsp;et offertes par Kim R. Rebholz \u00e0 l\u2019association&nbsp;<em>Les<\/em>&nbsp;<em>Amis<\/em> <em>du<\/em>&nbsp;<em>Grand Nuancier<\/em>&nbsp;pour sa cr\u00e9ation.<\/p>\n\n\n\n<p>\u00c0 savoir que 7 000 nuances sur format A4 (21 x 29,7 cm), cela repr\u00e9sente, dispos\u00e9es en damier de 10 x 700 (bords \u00e0 bords, hors cadres et espacements), une bande de&nbsp;2,10 m\u00e8tres de haut par 207,90 m\u00e8tres de large (soit plus de deux fois les dimensions de l\u2019installation des&nbsp;<em>Grandes D\u00e9corations<\/em>&nbsp;de&nbsp;<em>Nymph\u00e9as<sup>**<\/sup><\/em>&nbsp;de Claude Monet au Mus\u00e9e de l\u2019Orangerie \u00e0 Paris, compos\u00e9e de 8 panneaux et mesurant au total 2 par 91 m\u00e8tres).<\/p>\n\n\n\n<p style=\"font-size:16px\">* \u00c0 l\u2019aquarelle ou\/et gouache ou\/et encre ou\/et acrylique ou\/et huile sur diff\u00e9rents papiers de format A4.<\/p>\n\n\n\n<p style=\"font-size:16px\">** Lesquels\u00a0<em>Nymph\u00e9as<\/em>\u00a0sont assur\u00e9ment, avec les autres merveilleuses s\u00e9ries du ma\u00eetre de Giverny (<em>Meules<\/em>,\u00a0<em>Peupliers<\/em>,\u00a0<em>Matin\u00e9es<\/em>,\u00a0<em>Cath\u00e9drales de Rouen<\/em>, s\u00e9ries londoniennes et v\u00e9nitiennes, etc.), un mod\u00e8le absolu pour le Grand Nuancier.\u00a0\u00a0<\/p>\n\n\n\n<p style=\"font-size:16px\"><\/p>\n\n\n\n<figure class=\"wp-block-image aligncenter size-large\" style=\"margin-top:var(--wp--preset--spacing--40);margin-bottom:var(--wp--preset--spacing--40)\"><img loading=\"lazy\" decoding=\"async\" width=\"1024\" height=\"720\" src=\"http:\/\/qpbbvxg.cluster121.hosting.ovh.net\/wp-content\/uploads\/2026\/05\/Kim-R.-Rebholz-echantillon-des-7-000-premieres-oeuvres-du-Grand-Nuancier-2023-20261-1024x720.png\" alt=\"\" class=\"wp-image-330\" srcset=\"https:\/\/grand-nuancier.org\/wp-content\/uploads\/2026\/05\/Kim-R.-Rebholz-echantillon-des-7-000-premieres-oeuvres-du-Grand-Nuancier-2023-20261-1024x720.png 1024w, https:\/\/grand-nuancier.org\/wp-content\/uploads\/2026\/05\/Kim-R.-Rebholz-echantillon-des-7-000-premieres-oeuvres-du-Grand-Nuancier-2023-20261-300x211.png 300w, https:\/\/grand-nuancier.org\/wp-content\/uploads\/2026\/05\/Kim-R.-Rebholz-echantillon-des-7-000-premieres-oeuvres-du-Grand-Nuancier-2023-20261-768x540.png 768w, https:\/\/grand-nuancier.org\/wp-content\/uploads\/2026\/05\/Kim-R.-Rebholz-echantillon-des-7-000-premieres-oeuvres-du-Grand-Nuancier-2023-20261.png 1514w\" sizes=\"auto, (max-width: 1024px) 100vw, 1024px\" \/><figcaption class=\"wp-element-caption\">Kim R. Rebholz, \u00e9chantillon des 7 000 premi\u00e8res \u0153uvres du Grand Nuancier (2023-2026)<\/figcaption><\/figure>\n\n\n\n<figure class=\"wp-block-image aligncenter size-large\" style=\"margin-top:var(--wp--preset--spacing--40);margin-bottom:var(--wp--preset--spacing--40)\"><img loading=\"lazy\" decoding=\"async\" width=\"1024\" height=\"725\" src=\"http:\/\/qpbbvxg.cluster121.hosting.ovh.net\/wp-content\/uploads\/2026\/05\/Kim-R.-Rebholz-echantillon-des-7-000-premieres-oeuvres-du-Grand-Nuancier-2023-20262-1024x725.png\" alt=\"\" class=\"wp-image-328\" srcset=\"https:\/\/grand-nuancier.org\/wp-content\/uploads\/2026\/05\/Kim-R.-Rebholz-echantillon-des-7-000-premieres-oeuvres-du-Grand-Nuancier-2023-20262-1024x725.png 1024w, https:\/\/grand-nuancier.org\/wp-content\/uploads\/2026\/05\/Kim-R.-Rebholz-echantillon-des-7-000-premieres-oeuvres-du-Grand-Nuancier-2023-20262-300x213.png 300w, https:\/\/grand-nuancier.org\/wp-content\/uploads\/2026\/05\/Kim-R.-Rebholz-echantillon-des-7-000-premieres-oeuvres-du-Grand-Nuancier-2023-20262-768x544.png 768w, https:\/\/grand-nuancier.org\/wp-content\/uploads\/2026\/05\/Kim-R.-Rebholz-echantillon-des-7-000-premieres-oeuvres-du-Grand-Nuancier-2023-20262.png 1485w\" sizes=\"auto, (max-width: 1024px) 100vw, 1024px\" \/><figcaption class=\"wp-element-caption\">Kim R. Rebholz, \u00e9chantillon des 7 000 premi\u00e8res \u0153uvres du Grand Nuancier (2023-2026)<\/figcaption><\/figure>\n\n\n\n<figure class=\"wp-block-image aligncenter size-large\" style=\"margin-top:var(--wp--preset--spacing--40);margin-bottom:var(--wp--preset--spacing--40)\"><img loading=\"lazy\" decoding=\"async\" width=\"1024\" height=\"725\" src=\"http:\/\/qpbbvxg.cluster121.hosting.ovh.net\/wp-content\/uploads\/2026\/05\/Kim-R.-Rebholz-echantillon-des-7-000-premieres-oeuvres-du-Grand-Nuancier-2023-2026-1024x725.png\" alt=\"\" class=\"wp-image-329\" srcset=\"https:\/\/grand-nuancier.org\/wp-content\/uploads\/2026\/05\/Kim-R.-Rebholz-echantillon-des-7-000-premieres-oeuvres-du-Grand-Nuancier-2023-2026-1024x725.png 1024w, https:\/\/grand-nuancier.org\/wp-content\/uploads\/2026\/05\/Kim-R.-Rebholz-echantillon-des-7-000-premieres-oeuvres-du-Grand-Nuancier-2023-2026-300x213.png 300w, https:\/\/grand-nuancier.org\/wp-content\/uploads\/2026\/05\/Kim-R.-Rebholz-echantillon-des-7-000-premieres-oeuvres-du-Grand-Nuancier-2023-2026-768x544.png 768w, https:\/\/grand-nuancier.org\/wp-content\/uploads\/2026\/05\/Kim-R.-Rebholz-echantillon-des-7-000-premieres-oeuvres-du-Grand-Nuancier-2023-2026.png 1485w\" sizes=\"auto, (max-width: 1024px) 100vw, 1024px\" \/><figcaption class=\"wp-element-caption\">Kim R. Rebholz, \u00e9chantillon des 7 000 premi\u00e8res \u0153uvres du Grand Nuancier (2023-2026)<\/figcaption><\/figure>\n\n\n\n<figure class=\"wp-block-image aligncenter size-large\" style=\"margin-top:var(--wp--preset--spacing--40);margin-bottom:var(--wp--preset--spacing--40)\"><img loading=\"lazy\" decoding=\"async\" width=\"1024\" height=\"725\" src=\"http:\/\/qpbbvxg.cluster121.hosting.ovh.net\/wp-content\/uploads\/2026\/05\/Kim-R.-Rebholz-echantillon-des-7-000-premieres-oeuvres-du-Grand-Nuancier-2023-20264-1024x725.png\" alt=\"\" class=\"wp-image-326\" srcset=\"https:\/\/grand-nuancier.org\/wp-content\/uploads\/2026\/05\/Kim-R.-Rebholz-echantillon-des-7-000-premieres-oeuvres-du-Grand-Nuancier-2023-20264-1024x725.png 1024w, https:\/\/grand-nuancier.org\/wp-content\/uploads\/2026\/05\/Kim-R.-Rebholz-echantillon-des-7-000-premieres-oeuvres-du-Grand-Nuancier-2023-20264-300x213.png 300w, https:\/\/grand-nuancier.org\/wp-content\/uploads\/2026\/05\/Kim-R.-Rebholz-echantillon-des-7-000-premieres-oeuvres-du-Grand-Nuancier-2023-20264-768x544.png 768w, https:\/\/grand-nuancier.org\/wp-content\/uploads\/2026\/05\/Kim-R.-Rebholz-echantillon-des-7-000-premieres-oeuvres-du-Grand-Nuancier-2023-20264.png 1485w\" sizes=\"auto, (max-width: 1024px) 100vw, 1024px\" \/><figcaption class=\"wp-element-caption\">Kim R. Rebholz, \u00e9chantillon des 7 000 premi\u00e8res \u0153uvres du Grand Nuancier (2023-2026)<\/figcaption><\/figure>\n\n\n\n<figure class=\"wp-block-image aligncenter size-large\" style=\"margin-top:var(--wp--preset--spacing--40);margin-bottom:var(--wp--preset--spacing--40)\"><img loading=\"lazy\" decoding=\"async\" width=\"1024\" height=\"725\" src=\"http:\/\/qpbbvxg.cluster121.hosting.ovh.net\/wp-content\/uploads\/2026\/05\/Kim-R.-Rebholz-echantillon-des-7-000-premieres-oeuvres-du-Grand-Nuancier-2023-20263-1024x725.png\" alt=\"\" class=\"wp-image-327\" srcset=\"https:\/\/grand-nuancier.org\/wp-content\/uploads\/2026\/05\/Kim-R.-Rebholz-echantillon-des-7-000-premieres-oeuvres-du-Grand-Nuancier-2023-20263-1024x725.png 1024w, https:\/\/grand-nuancier.org\/wp-content\/uploads\/2026\/05\/Kim-R.-Rebholz-echantillon-des-7-000-premieres-oeuvres-du-Grand-Nuancier-2023-20263-300x213.png 300w, https:\/\/grand-nuancier.org\/wp-content\/uploads\/2026\/05\/Kim-R.-Rebholz-echantillon-des-7-000-premieres-oeuvres-du-Grand-Nuancier-2023-20263-768x544.png 768w, https:\/\/grand-nuancier.org\/wp-content\/uploads\/2026\/05\/Kim-R.-Rebholz-echantillon-des-7-000-premieres-oeuvres-du-Grand-Nuancier-2023-20263.png 1485w\" sizes=\"auto, (max-width: 1024px) 100vw, 1024px\" \/><figcaption class=\"wp-element-caption\">Kim R. Rebholz, \u00e9chantillon des 7 000 premi\u00e8res \u0153uvres du Grand Nuancier (2023-2026)<\/figcaption><\/figure>\n\n\n\n<figure class=\"wp-block-image aligncenter size-large\" style=\"margin-top:var(--wp--preset--spacing--40);margin-bottom:var(--wp--preset--spacing--40)\"><img loading=\"lazy\" decoding=\"async\" width=\"1024\" height=\"714\" src=\"http:\/\/qpbbvxg.cluster121.hosting.ovh.net\/wp-content\/uploads\/2026\/05\/Kim-R.-Rebholz-echantillon-des-7-000-premieres-oeuvres-du-Grand-Nuancier-2023-20265-1024x714.png\" alt=\"\" class=\"wp-image-325\" srcset=\"https:\/\/grand-nuancier.org\/wp-content\/uploads\/2026\/05\/Kim-R.-Rebholz-echantillon-des-7-000-premieres-oeuvres-du-Grand-Nuancier-2023-20265-1024x714.png 1024w, https:\/\/grand-nuancier.org\/wp-content\/uploads\/2026\/05\/Kim-R.-Rebholz-echantillon-des-7-000-premieres-oeuvres-du-Grand-Nuancier-2023-20265-300x209.png 300w, https:\/\/grand-nuancier.org\/wp-content\/uploads\/2026\/05\/Kim-R.-Rebholz-echantillon-des-7-000-premieres-oeuvres-du-Grand-Nuancier-2023-20265-768x536.png 768w, https:\/\/grand-nuancier.org\/wp-content\/uploads\/2026\/05\/Kim-R.-Rebholz-echantillon-des-7-000-premieres-oeuvres-du-Grand-Nuancier-2023-20265.png 1508w\" sizes=\"auto, (max-width: 1024px) 100vw, 1024px\" \/><figcaption class=\"wp-element-caption\">Kim R. Rebholz, \u00e9chantillon des 7 000 premi\u00e8res \u0153uvres du Grand Nuancier (2023-2026)<\/figcaption><\/figure>\n\n\n\n<figure class=\"wp-block-image aligncenter size-large\" style=\"margin-top:var(--wp--preset--spacing--40);margin-bottom:var(--wp--preset--spacing--40)\"><img loading=\"lazy\" decoding=\"async\" width=\"1024\" height=\"723\" src=\"http:\/\/qpbbvxg.cluster121.hosting.ovh.net\/wp-content\/uploads\/2026\/05\/Kim-R.-Rebholz-echantillon-des-7-000-premieres-oeuvres-du-Grand-Nuancier-2023-20266-1024x723.png\" alt=\"\" class=\"wp-image-324\" srcset=\"https:\/\/grand-nuancier.org\/wp-content\/uploads\/2026\/05\/Kim-R.-Rebholz-echantillon-des-7-000-premieres-oeuvres-du-Grand-Nuancier-2023-20266-1024x723.png 1024w, https:\/\/grand-nuancier.org\/wp-content\/uploads\/2026\/05\/Kim-R.-Rebholz-echantillon-des-7-000-premieres-oeuvres-du-Grand-Nuancier-2023-20266-300x212.png 300w, https:\/\/grand-nuancier.org\/wp-content\/uploads\/2026\/05\/Kim-R.-Rebholz-echantillon-des-7-000-premieres-oeuvres-du-Grand-Nuancier-2023-20266-768x542.png 768w, https:\/\/grand-nuancier.org\/wp-content\/uploads\/2026\/05\/Kim-R.-Rebholz-echantillon-des-7-000-premieres-oeuvres-du-Grand-Nuancier-2023-20266.png 1491w\" sizes=\"auto, (max-width: 1024px) 100vw, 1024px\" \/><figcaption class=\"wp-element-caption\">Kim R. Rebholz, \u00e9chantillon des 7 000 premi\u00e8res \u0153uvres du Grand Nuancier (2023-2026)<\/figcaption><\/figure>\n\n\n\n<a onclick=\"history.back()\" style=\"cursor:pointer; font-size:36px;\">\u2190<\/a>\n<\/div><\/div>\n\n\n\n<p><\/p>\n","protected":false},"excerpt":{"rendered":"<p>\u00c9chantillon des \u0153uvres \u00c9chantillon de 100 nuances parmi les 7 000 d\u00e9j\u00e0 r\u00e9alis\u00e9es*&nbsp;et offertes par Kim R. Rebholz \u00e0 l\u2019association&nbsp;Les&nbsp;Amis [&hellip;]<\/p>\n","protected":false},"author":1,"featured_media":0,"parent":0,"menu_order":0,"comment_status":"closed","ping_status":"closed","template":"","meta":{"_uag_custom_page_level_css":"","site-sidebar-layout":"default","site-content-layout":"","ast-site-content-layout":"default","site-content-style":"default","site-sidebar-style":"default","ast-global-header-display":"","ast-banner-title-visibility":"","ast-main-header-display":"","ast-hfb-above-header-display":"","ast-hfb-below-header-display":"","ast-hfb-mobile-header-display":"","site-post-title":"disabled","ast-breadcrumbs-content":"","ast-featured-img":"","footer-sml-layout":"","ast-disable-related-posts":"","theme-transparent-header-meta":"","adv-header-id-meta":"","stick-header-meta":"","header-above-stick-meta":"","header-main-stick-meta":"","header-below-stick-meta":"","astra-migrate-meta-layouts":"default","ast-page-background-enabled":"default","ast-page-background-meta":{"desktop":{"background-color":"var(--ast-global-color-5)","background-image":"","background-repeat":"repeat","background-position":"center center","background-size":"auto","background-attachment":"scroll","background-type":"","background-media":"","overlay-type":"","overlay-color":"","overlay-opacity":"","overlay-gradient":""},"tablet":{"background-color":"","background-image":"","background-repeat":"repeat","background-position":"center center","background-size":"auto","background-attachment":"scroll","background-type":"","background-media":"","overlay-type":"","overlay-color":"","overlay-opacity":"","overlay-gradient":""},"mobile":{"background-color":"","background-image":"","background-repeat":"repeat","background-position":"center center","background-size":"auto","background-attachment":"scroll","background-type":"","background-media":"","overlay-type":"","overlay-color":"","overlay-opacity":"","overlay-gradient":""}},"ast-content-background-meta":{"desktop":{"background-color":"var(--ast-global-color-4)","background-image":"","background-repeat":"repeat","background-position":"center center","background-size":"auto","background-attachment":"scroll","background-type":"","background-media":"","overlay-type":"","overlay-color":"","overlay-opacity":"","overlay-gradient":""},"tablet":{"background-color":"var(--ast-global-color-4)","background-image":"","background-repeat":"repeat","background-position":"center center","background-size":"auto","background-attachment":"scroll","background-type":"","background-media":"","overlay-type":"","overlay-color":"","overlay-opacity":"","overlay-gradient":""},"mobile":{"background-color":"var(--ast-global-color-4)","background-image":"","background-repeat":"repeat","background-position":"center center","background-size":"auto","background-attachment":"scroll","background-type":"","background-media":"","overlay-type":"","overlay-color":"","overlay-opacity":"","overlay-gradient":""}},"footnotes":""},"class_list":["post-319","page","type-page","status-publish","hentry"],"uagb_featured_image_src":{"full":false,"thumbnail":false,"medium":false,"medium_large":false,"large":false,"1536x1536":false,"2048x2048":false},"uagb_author_info":{"display_name":"admin7977","author_link":"https:\/\/grand-nuancier.org\/index.php\/author\/admin7977\/"},"uagb_comment_info":0,"uagb_excerpt":"\u00c9chantillon des \u0153uvres \u00c9chantillon de 100 nuances parmi les 7 000 d\u00e9j\u00e0 r\u00e9alis\u00e9es*&nbsp;et offertes par Kim R. Rebholz \u00e0 l\u2019association&nbsp;Les&nbsp;Amis [&hellip;]","_links":{"self":[{"href":"https:\/\/grand-nuancier.org\/index.php\/wp-json\/wp\/v2\/pages\/319","targetHints":{"allow":["GET"]}}],"collection":[{"href":"https:\/\/grand-nuancier.org\/index.php\/wp-json\/wp\/v2\/pages"}],"about":[{"href":"https:\/\/grand-nuancier.org\/index.php\/wp-json\/wp\/v2\/types\/page"}],"author":[{"embeddable":true,"href":"https:\/\/grand-nuancier.org\/index.php\/wp-json\/wp\/v2\/users\/1"}],"replies":[{"embeddable":true,"href":"https:\/\/grand-nuancier.org\/index.php\/wp-json\/wp\/v2\/comments?post=319"}],"version-history":[{"count":17,"href":"https:\/\/grand-nuancier.org\/index.php\/wp-json\/wp\/v2\/pages\/319\/revisions"}],"predecessor-version":[{"id":624,"href":"https:\/\/grand-nuancier.org\/index.php\/wp-json\/wp\/v2\/pages\/319\/revisions\/624"}],"wp:attachment":[{"href":"https:\/\/grand-nuancier.org\/index.php\/wp-json\/wp\/v2\/media?parent=319"}],"curies":[{"name":"wp","href":"https:\/\/api.w.org\/{rel}","templated":true}]}}